 -4*b = 2*h + 2, g = 5*b - 2*h - 3*h. Suppose b*f = -f + 6. What are the prime factors of f?
2
Let z = -7 - -5. Suppose -68 = -4*c - c - 2*k, -5*c = k - 69. List the prime factors of (-18)/(c/(-4) - z).
2, 3
Let h be (-6)/(-21) - (-4)/(-14). Let a be (0 - -1) + h + 79. Suppose -2*d - 2*d = -a. What are the prime factors of d?
2, 5
Suppose -2*a = -7*a + 15. Suppose -5*z = 5*b - 3*z + 70, -4*b - 49 = a*z. Let u = 23 + b. What are the prime factors of u?
7
Let d(n) be the second derivative of -3/2*n**2 - 1/3*n**3 + 3*n + 0. What are the prime factors of d(-6)?
3
Let r be ((-40)/6)/((-8)/84). Suppose -3*b - 16 + r = 0. List the prime factors of b.
2, 3
Let q = -6 + 10. Let d(g) = 6*g - 2. List the prime factors of d(q).
2, 11
List the prime factors of (-5)/((-3)/18*5).
2, 3
Suppose 3*s + 5*f + 21 = -20, f = 2. Let j = s - -40. What are the prime factors of j?
23
Let h(j) = j**3 - 6*j**2 - 7*j + 9. Let c be h(7). Suppose 3*z + 12 = b, -b + z - c = 5*z. List the prime factors of b.
3
Suppose -3*r + 3 = -f, -3*r = -f - 8*r - 19. Let o be 47/3 + 6/f. What are the prime factors of (12/o)/(-2)*-5?
2
Suppose -v - 5*m + 2 = 0, 0 = -5*v - 5*m + 71 - 1. List the prime factors of v.
17
Let v(z) = -z + 6. Suppose -g + 4*g + 4*d = 10, 2*d = 2*g - 16. Let c be v(g). Suppose 0 = 3*t + 4*p - 2, c = 5*t - 5*p + 4 - 54. List the prime factors of t.
2, 3
Let i = 4 - 6. What are the prime factors of (-75)/i + 3/(-6)?
37
List the prime factors of (66*(-12)/(-90))/((-2)/(-20)).
2, 11
Let a(v) = -v**3 - 9*v**2 - 11*v - 7. Let l = -22 + 14. Let r be a(l). Suppose -2*w + 2 + r = -3*h, -w + 2*h + 9 = 0. List the prime factors of w.
11
Let c(h) = -h**2. Let n(r) = -r**3 - 5*r**2 - 4*r. Let b be n(-4). Let j be c(b). Suppose o - 5*v - 18 - 6 = j, -4*o - 5*v = -46. List the prime factors of o.
2, 7
Let c(a) = a**2 + 4*a - 1. Let l(i) = i**2 + 4*i - 2. Let b be l(-4). Let q be c(b). What are the prime factors of 15/1*(-2)/q?
2, 3
Let c be (1/2)/((-1)/(-2)). Let w(h) = -4*h**3 + h**2 - 6*h + 7. Let d(b) = -b**3 - b**2 - b + 1. Let z(s) = c*w(s) - 3*d(s). List the prime factors of z(3).
2
Let c(m) = 7*m - 3. Let k be c(6). Suppose -2*f = f - k. Suppose 16 = 3*g + g - b, b = 3*g - f. What are the prime factors of g?
3
List the prime factors of (-52*1)/(((-20)/5)/8).
2, 13
Let c(m) = -m + 11. Let p be c(8). Suppose 3*o + p = 87. List the prime factors of o.
2, 7
Let b(h) = -h**2 + 6*h + 2*h + h. Let m = -7 + 14. List the prime factors of b(m).
2, 7
Suppose d + 292 = q, 3*d - 2*d = -2*q + 578. List the prime factors of q.
2, 5, 29
Let y = 2 + 26. List the prime factors of y.
2, 7
Suppose 7 + 8 = 5*j. Suppose -3*l - 10 = 3*a + l, j = -a - l. List the prime factors of a + 3 - 0 - -13.
2, 7
List the prime factors of 3 + (-2 - (-32 + -1)).
2, 17
Let g = 11 + -8. Suppose 5*c - 2*o - 67 = 0, 0 = c + c - g*o - 29. Let n = c - 2. What are the prime factors of n?
11
Let j(l) = -l**2 - 7*l - 5. Let g(k) = k**2 + 6*k + 4. Let v be g(-6). Let y = v + -8. What are the prime factors of j(y)?
7
Suppose 22 = h + k - 1, -3*k + 43 = 2*h. List the prime factors of h.
2, 13
Let z(b) = -b**3 - 3*b**2 + 7*b - 2. Let t be (-3)/6 - 27/6. List the prime factors of z(t).
13
Suppose -4*p - 12 + 50 = 2*m, 5*p + 5*m - 40 = 0. Let b = 4 - 6. Let x = p + b. What are the prime factors of x?
3
What are the prime factors of 157/7 + 12/(-28)?
2, 11
Let b(c) = -c**3 - 9*c**2 + 2*c + 12. Let p be b(-9). Let s(a) = 0*a - 2*a + 0 - 9. List the prime factors of s(p).
3
Let z = -2 + 2. Let w = 7 + -4. Suppose 9 = w*k - z. List the prime factors of k.
3
Suppose 0 = 4*t - 126 + 26. Let z = t - 9. Suppose -2*v + z - 2 = 0. What are the prime factors of v?
7
Let i = 139 + -54. List the prime factors of i.
5, 17
Let r = -55 - -78. Suppose 3*m - r - 4 = 0. What are the prime factors of m?
3
Let i = 4 + 1. Let m = i - 1. Suppose -s + 5 = -4*d + 38, -d + 27 = -m*s. List the prime factors of d.
7
Let h = 55 - 29. What are the prime factors of h?
2, 13
Suppose 3*f + f = 0. Suppose s - 39 = -3*d, -5*d - s + 24 + 41 = f. What are the prime factors of d?
13
Let o(h) = -h**2 - 7*h - 3. Let g = -9 - -5. Let q be o(g). Suppose 0 = 2*a - q - 5. List the prime factors of a.
7
Suppose -4*u + 2*v = -7*u + 392, -4*u - 2*v = -522. What are the prime factors of u?
2, 5, 13
Let f(p) be the first derivative of -5*p**4/4 + 2*p**3/3 - p - 1. What are the prime factors of f(-1)?
2, 3
Suppose 0 = c - 2 - 2. Suppose -2*i = -c*i. Suppose i*y - 18 = -2*y. What are the prime factors of y?
3
Let u(w) = 8*w + 8. What are the prime factors of u(4)?
2, 5
Let r = 1 + -1. Let c be r - (-1)/2*6. Suppose c*v - 23 = 43. List the prime factors of v.
2, 11
Suppose 2*f = f + 26. Suppose -f = -5*g - r + 7, g - 2*r - 11 = 0. What are the prime factors of g?
7
Suppose 4*z = -2*d + 274, 2*d + 0*d + 5*z = 277. List the prime factors of d.
131
Let t(p) = -p**3 - 8*p**2 + 10*p + 8. Let c be t(-9). Let f = c - -3. List the prime factors of f.
2
Let h = 506 - 358. What are the prime factors of h?
2, 37
What are the prime factors of 9 + 4 + 0 + 3?
2
Let t be 0 + 4 + (1 - 0). Let z(a) be the third derivative of a**4/6 - 7*a**3/6 - 4*a**2. List the prime factors of z(t).
13
Suppose -2*v = -4*a - 20, 5*v - 6 = 2*a - 3*a. What are the prime factors of v?
2
List the prime factors of (126/(-35))/(6/(-20)).
2, 3
Let v(k) = 2*k**2 - 3*k - 3. Let i be v(-7). List the prime factors of (-4)/14 - i/(-14).
2
Suppose -17 = -y - 1. List the prime factors of y.
2
Let x = -53 + 26. Let p be 6/x - (-29)/9. Suppose -5 = -z, 5*z - 5 - 8 = p*h. What are the prime factors of h?
2
Let p(r) = 4*r**2 - 5 + 3*r - 2*r**3 + 3*r + r**3. Let x be p(4). Suppose 2*d = -w + x, 3*d - 55 = -2*w - 20. List the prime factors of w.
13
Let r(z) be the first derivative of -5*z**2 - z + 3. List the prime factors of r(-3).
29
List the prime factors of -1 + 4/(-4)*-68.
67
Suppose 0 = -2*l + 7*l. Let w(m) = m + 28. What are the prime factors of w(l)?
2, 7
Let m(c) = -140*c - 3. What are the prime factors of m(-1)?
137
Let b(t) be the first derivative of 11*t**3/3 + t**2/2 - t - 2. What are the prime factors of b(1)?
11
Let y = 3 + 2. Let v be 15/(-5) + 6 + 1. Suppose y*l - 6 = v*l. List the prime factors of l.
2, 3
What are the prime factors of (-285)/(-1) - (14/(-2) - -11)?
281
Suppose -230 = -5*x + 135. Let k be -1*(-1 - -2) + x. Suppose -2*t + 5*n = -48, -4*t + 0*n + k = 2*n. List the prime factors of t.
19
Suppose 4*h - 52 = 5*u, -4*h - 40 = 3*u - 2*h. Let b = u - -1. Let t = 1 - b. What are the prime factors of t?
2, 3
Suppose i - 2*j - 19 = 0, 5*j - 73 = -5*i + 4*j. Suppose p = 6*p - i. What are the prime factors of p?
3
Let i = 132 + 60. List the prime factors of i.
2, 3
Suppose 8*d + 1 = 1. Let q = -7 - 1. Let i = d - q. List the prime factors of i.
2
Let q(n) = 2*n + 0*n - 3*n + 2. Let v be q(0). Suppose 0 = -3*o + 15, -v*o + 35 + 40 = 5*r. What are the prime factors of r?
13
Suppose -116 = 4*g - 440. What are the prime factors of g?
3
Let u(v) = 47*v - 18. What are the prime factors of u(4)?
2, 5, 17
Let v(p) = -p + 2. Let a = -7 - -4. What are the prime factors of v(a)?
5
Suppose -8 = 5*d + 2. List the prime factors of (-14)/(-3)*(-3)/d.
7
Suppose 6*a = 4*a + 152. List the prime factors of a.
2, 19
What are the prime factors of ((-6)/(-4) + 42/28)*43?
3, 43
Let l = 94 + 25. List the prime factors of l.
7, 17
Suppose 10*d = -2*d + 276. What are the prime factors of d?
23
Suppose 5*j + 0*j = -35. Suppose -3*r + 2*m + 3*m = -18, 3*r - 36 = -m. Let b = r + j. What are the prime factors of b?
2
Let j(o) = -2*o - 1. Suppose -25 = 3*a - 4*l, -4*l + 23 - 1 = -2*a. Let b be j(a). Suppose -b*q - 9 = -34. List the prime factors of q.
5
Let x(b) be the first derivative of -b**4/4 - 8*b**3/3 - b**2/2 + 5*b - 3. What are the prime factors of x(-8)?
13
Let k be 10 - 7 - 5*1. List the prime factors of k/(-2)*(-3 - -12).
3
Let c(k) be the third derivative of k**5/60 + k**3/6 + 29*k**2. Suppose 2*u = -5*t + 18, 2*u - 16 = -2*u - 5*t. List the prime factors of c(u).
2
Let t(w) = 4 - w**2 - 3 - 4*w**2. Let v be t(1). Let b = v - -18. What are the prime factors of b?
2, 7
Let p be -1 + 2 + (-8)/(-4). Suppose 3*l + p + 21 = 0. List the prime factors of 1/(-1 - l/7).
7
Suppose o = -3*o + 20. Let m = o - 0. What are the prime 